 - 1181 = -3*z - 4*p. What is the highest common divisor of 9 and z?
9
Let i be (49966/(-172))/((-2)/28). What is the highest common divisor of 166 and i?
83
Let q(l) = 3*l**2 - 25*l + 16. Let y be (-364)/(-21)*(-12)/(-16). Let z be q(y). Let f = -14 + 32. What is the highest common divisor of z and f?
18
Let x(s) = -19*s - 46. Let o be x(-3). Suppose 2579 = 4*l + g, o*l - 14*l - g = -1934. Calculate the greatest common divisor of l and 15.
15
Let i = 119064 + -118304. Suppose -2*h + 4*h = 38. What is the greatest common factor of h and i?
19
Let c(a) = a**3 + 4*a**2 - 10*a + 6. Let b be c(6). Let y = 38412 + -38395. What is the greatest common divisor of y and b?
17
Let r = 508 - 507. Let w be r/((-1 - 2)/(-162)). Calculate the highest common factor of w and 144.
18
Let s be -6*(-23)/4*(-136)/(-204). Suppose 0 = s*n + 13*n - 2268. Calculate the greatest common divisor of 168 and n.
21
Suppose -15 = -4*b - b. Let v be 0/(-3) + b*14. Let n(f) = f**3 + 23*f**2 + 19*f + 39. Let t be n(-22). Calculate the highest common divisor of v and t.
21
Let u = 363 + -516. Let v be (u/6)/((-12)/80). Calculate the greatest common divisor of 10 and v.
10
Suppose -3315 = 58*y - 6737. What is the greatest common divisor of 3481 and y?
59
Let v be (-7623)/(-28) - 13/52. Calculate the highest common factor of 323 and v.
17
Suppose -2*n = n + 3*f - 54, -2*f = -2*n + 16. Let m(g) = 11*g - 87. Let k be m(7). Let z be -5*(208/k)/1. What is the greatest common factor of n and z?
13
Let x(f) = 4*f**2 - 16*f + 17. Let r be x(1). Suppose -r*k = 4*w - 47, 27 = 3*w - 3*k + 4*k. What is the highest common factor of 32 and w?
8
Let i be (0 + 1/(-1))*-2. Let t be 122 - (-3 + i)*-3. Let j be -6 + -1 + -3*112/(-24). Calculate the greatest common divisor of j and t.
7
Let j = 493 + -433. Suppose 55*r = j*r - 2890. What is the highest common divisor of 34 and r?
34
Let f(o) = 24*o + 514. Let j be f(-21). Calculate the highest common factor of j and 17580.
10
Let j(v) = -122*v + 132. Let l be j(0). What is the highest common factor of 1716 and l?
132
Let n = -1614 + 1655. What is the highest common divisor of n and 697?
41
Suppose 4*w = -c + 19, 9*c + 26 = 11*c + 5*w. Suppose 4*f = -b + 149, 0 = -c*f - 3*b + 152 - 38. What is the highest common factor of 1 and f?
1
Suppose 0 = -5*a - 2*z + 204, -3*a - 5*z + 103 = -27. Suppose -a*x + 36*x + 8 = 0. Calculate the greatest common divisor of x and 46.
2
Suppose -5*f - 31 = -4*x, 4*f + 8 = 4*x - 16. Let o be (-19696)/(-112) - (-6)/f. Let q = -7 + 42. Calculate the highest common divisor of o and q.
35
Let v(k) = k**2 - 157*k + 6000. Let g be v(44). What is the highest common divisor of g and 4?
4
Let z = -1 - -5. Suppose 2*k + 13*j = 154, k - 5*j - 128 = -3*j. What is the highest common factor of z and k?
4
Let v(f) be the first derivative of 2*f**3/3 - 3*f**2/2 + 16*f - 22. Let s be v(-6). Let i = s - 94. What is the highest common divisor of 12 and i?
12
Suppose -3*m + 135 = -21. Suppose -v = a - 32, a + 151*v - 44 = 148*v. Calculate the greatest common divisor of a and m.
26
Let r be 136 - 143 - -379*1. What is the greatest common factor of 651 and r?
93
Let s = -4063 - -5527. What is the highest common divisor of s and 72?
24
Let l be 549/(-36) - -15 - 1010/(-8). What is the highest common divisor of 350 and l?
14
Suppose -r - 7468 = -7538. Calculate the greatest common factor of r and 938.
14
Let r be 2/(-6) + 13/39. Suppose r = z - 2*z + 2*o + 20, -3*o + 20 = z. What is the greatest common factor of z and 28?
4
Let n = -205 - -209. Suppose -15 = -n*t - t, 399 = 5*r - 2*t. Let x = -91 - -145. What is the highest common divisor of r and x?
27
Let f(j) = -4*j**2 + 17*j + 1. Let g = -95 - -93. Let z(k) = -7*k - 10. Let t be z(g). Let q be f(t). Calculate the highest common factor of 10 and q.
5
Suppose -7*o = -10*o - 4*u + 9060, -5*o = -3*u - 15100. Calculate the highest common divisor of 151 and o.
151
Suppose -108*h = -29*h - 3081. Calculate the greatest common divisor of h and 1248.
39
Let o(c) = -2*c**3 + 49*c**2 + 136*c - 20. Let s be o(27). What is the greatest common factor of s and 12?
1
Let t = 2650 + -875. Let h(k) = -7*k**2 - 279*k - 1165. Let l be h(-35). What is the highest common factor of t and l?
25
Let w(h) = -7*h + 211. Let l be w(25). Suppose l = -902*u + 904*u. Calculate the highest common factor of u and 9.
9
Let y = 8 + -1. Let t be (2 + -13)*-7 - (-5 + 11). Suppose -4*k + 2*b + 66 = 0, -4*k + t = 15*b - 18*b. Calculate the greatest common divisor of y and k.
7
Suppose 42 = 4*t + 3*t. Let m be t/(-18) + 514/(-6). Let y = -72 - m. What is the highest common factor of y and 63?
7
Let o(c) = 596*c**3 + c**2 - c. Let i be o(1). Suppose 136 = -4*t + i. Suppose 0 = -39*h - 45*h + 38 + 1894. Calculate the highest common factor of h and t.
23
Suppose 13 = 2*y + 3*i, 4 = -0*i - 4*i. Suppose -10*f + 833 = 733. Calculate the greatest common factor of f and y.
2
Let m = -488 + 1428. Suppose 0 = 27*x - 498 - 771. What is the highest common factor of m and x?
47
Let i(u) = u**3 + 35*u**2 - 41*u - 173. Let h be i(-36). Calculate the greatest common factor of 2429 and h.
7
Let s = -4365 + 4410. Let y be (-1)/2 - 543/(-6). What is the highest common factor of s and y?
45
Let q = 207609 - 207592. Let g be -2 - (-1 - -2) - 1. Let b be 137 - -2*2/g. Calculate the greatest common factor of q and b.
17
Suppose y = -n + 4, -27*y + 10 = -23*y + n. Suppose 0 = w - 4, 2*h + 6*w - 276 = y*w. Calculate the highest common divisor of 40 and h.
10
Let g be 3/(6/8) - (22 - 18). Suppose g = 20*j - 4*j - 32. Suppose 7 = j*l + 3*t, -2*l + 22 = -2*t - 0*t. What is the greatest common factor of 88 and l?
8
Suppose -6*g = -g - 80. Suppose 0 = g*a - 189 - 3. Let v be (32/(-12))/(2/(-18)). Calculate the greatest common factor of v and a.
12
Suppose -6*j + 694 + 188 = 0. Let f = j - 232. Let k = 5 - f. Calculate the greatest common factor of 36 and k.
18
Let f = -14 - -12. Let d be 3/(-1) + 8 - f. Let u(i) = i**3 - 6*i**2 - 8*i + 15. Let y be u(d). Calculate the greatest common divisor of y and 32.
8
Let h = -102 - -105. Suppose h*k - 325 = 5*u, 4*u = k - 11 - 88. What is the greatest common divisor of 23 and k?
23
Suppose 3*t - 4*z - 380 = -3*z, -100 = -t - 5*z. Let w(a) = a + 85. Let r be w(15). Calculate the highest common factor of t and r.
25
Let a(q) = 441*q + 1783. Let n be a(32). Calculate the greatest common factor of 170 and n.
85
Let h(x) = 268*x - 10 - 275*x + x**2 + 40. Let r be h(-8). Calculate the greatest common divisor of r and 30.
30
Let y = -1246 - -1551. Calculate the highest common divisor of 35 and y.
5
Let a be -9*4/36*-4. Suppose -3*h + 1653 = -3*z, -2*h - 5*z - 1105 = -a*h. What is the greatest common factor of h and 50?
50
Suppose -3*k + k + 8 = 3*c, -c = 3*k - 19. Suppose k*b = 133 + 28. What is the highest common divisor of b and 506?
23
Suppose -3*z = 3*p - 54, 0 = -z - 4*p + 28 - 10. What is the highest common divisor of 138 and z?
6
Let o = 260 + -247. Suppose -300 = -7*q - o*q. Suppose 2*f = 5*i - 675, i + 2*f = 3*i - 270. What is the highest common factor of q and i?
15
Suppose 2*q - 8 = 2*c, -4*c + 4*q + 9 = 5*q. Let h(g) = 10*g - 27. Let w be h(3). What is the greatest common divisor of w and c?
1
Suppose 5*b - 2*b - 150 = -3*s, -2*b - 4*s + 90 = 0. Let g = -29 + 74. Let p = b - g. Calculate the greatest common factor of 110 and p.
10
Let y(u) = -3*u**3 - 2*u**2 - 9*u - 6. Let s be y(-4). Let m = s + -189. Calculate the greatest common divisor of m and 7.
1
Let o = 6294 + -6263. Let n = -2 - -3. Calculate the greatest common divisor of n and o.
1
Let g be (-138)/(-14) + (-2)/(-14). Suppose m = -2*y + 14 + 10, -4*m + y + 78 = 0. Calculate the highest common factor of g and m.
10
Suppose 0 = 2*h - h - 37. Suppose -j - f = 10, 24 = 886*f - 888*f. What is the greatest common factor of j and h?
1
Let s be (3/(-6))/((-4)/(-8)) - -5. Let z be -20 - 6/(s - 6). Let j = 19 - z. What is the highest common factor of j and 54?
18
Suppose 3*b - u = 13, 5*b - 16 = -5*u + u. Suppose 0 = 5*y - 25, i + b*y = y + 60. What is the highest common divisor of i and 15?
15
Suppose -25*d + 169 = -20*d - 3*q, -17 = -d - 5*q. Let w be (31 - d)*(-32 - 0). What is the greatest common divisor of 864 and w?
32
Suppose 2*k - 164*t = -167*t - 8, 11